et u(z) = -11*z**2 - 44*z - 7. Determine u(-4).
-7
Let d(j) = -j - 27. Determine d(-22).
-5
Let a(z) = 8*z**3 + 4*z**2 - 3*z - 1. Determine a(1).
8
Let k(h) = -4*h**2 + 29*h - 5. Calculate k(7).
2
Let m(l) = 2*l - 15. Determine m(-14).
-43
Let n(t) = -t**3 - 20*t**2 - 20*t - 4. Give n(-19).
15
Let r(x) = -x + 13. Calculate r(3).
10
Let q(f) = -f**3 + 15*f**2 - 14*f - 2. What is q(14)?
-2
Let j(g) = g**3 + 6*g**2 - 3*g - 8. Give j(-7).
-36
Let m(v) = v**2 + 8*v - 3. Determine m(-7).
-10
Let a(l) = l + 9. Give a(-7).
2
Let h(r) = -r**2 - 42*r + 82. What is h(2)?
-6
Let n(u) = -30*u + 260. Calculate n(9).
-10
Let w(y) = 3*y**3 + 2*y**2 + 4*y - 7. What is w(3)?
104
Let y(j) = -4*j - 9. Give y(-4).
7
Let o(t) = -3*t**2 + 32*t - 39. Calculate o(9).
6
Let d(s) = -s - 5. Calculate d(-11).
6
Let w(k) = k**3 + 8*k**2 + 8*k + 10. Give w(-7).
3
Let a(o) = o**3 - 11*o**2 + 14*o - 44. Determine a(10).
-4
Let o(y) = -4*y + 63. What is o(16)?
-1
Let m(v) = 2*v**3 - 52*v**2 + 8. What is m(26)?
8
Let q(d) = -d**3 - 4*d**2 - 2*d + 2. Determine q(-4).
10
Let m(p) = -p**3 - 5*p**2 + 13*p + 7. Calculate m(-7).
14
Let u(k) = 6*k - 75. Calculate u(13).
3
Let a(g) = -g**3 - 4*g**2 + 4*g - 7. Calculate a(-5).
-2
Let b(q) = 2*q - 8. What is b(10)?
12
Let g(p) = p**2 - 51*p + 150. Determine g(3).
6
Let m(s) = -s**3 + 20*s**2 + 30*s - 174. Give m(21).
15
Let f(b) = 4*b + 6. Determine f(0).
6
Let d(w) = 13*w + 5. What is d(-1)?
-8
Let i(s) = 86*s**2 - 5*s + 1. Give i(1).
82
Let c(k) = -12*k**2 - 2*k - 6. Determine c(-2).
-50
Let g(t) = -t**3 + 6*t**2 - 7*t + 11. Calculate g(5).
1
Let a(t) = t**2 + 11*t + 6. What is a(-7)?
-22
Let p(l) = -l**2 + 2*l + 25. Give p(-4).
1
Let n(y) = -y**3 + 4*y**2 + 7*y - 4. Give n(6).
-34
Let q(y) = y - 45. Determine q(9).
-36
Let j(b) = -2*b + 25. Calculate j(17).
-9
Let v(j) = j**2 + 8*j + 1. What is v(-8)?
1
Let m(j) = 55*j - 1319. What is m(24)?
1
Let n(u) = 11*u**2 + 16*u + 10. Calculate n(-3).
61
Let j(n) = n**3 - 7*n**2 - 6*n + 15. Give j(6).
-57
Let r(w) = 18*w + 107. What is r(-6)?
-1
Let r(u) = -u + 2. Calculate r(-10).
12
Let b(p) = 2*p**2 - 3*p - 26. Determine b(-3).
1
Let n(l) = l**3 + l**2 - 6*l - 4. Determine n(-4).
-28
Let r(q) = -3*q - 25. Give r(-15).
20
Let v(o) = 2*o**2 + 12*o + 15. What is v(-5)?
5
Let s(q) = -2*q**2 - 11*q + 3. Calculate s(-6).
-3
Let i(s) = -s**2 + 184*s - 6. Calculate i(0).
-6
Let g(l) = -6*l - 10. Determine g(-4).
14
Let g(b) = b**3 - 15*b**2 + 4. Give g(15).
4
Let l(h) = -2*h - 25. Give l(-3).
-19
Let n(p) = -p**2 + 3*p + 1. Give n(-3).
-17
Let k(b) = -8*b - 91. Give k(-5).
-51
Let a(g) = -g**2 + 12*g. Give a(15).
-45
Let u(i) = -i**2 - 3*i + 1. Calculate u(-7).
-27
Let h(u) = -u**3 - 9*u**2 + 11*u - 4. Give h(-10).
-14
Let i(l) = -10*l - 2. Give i(1).
-12
Let m(a) = 3*a - 26. Give m(12).
10
Let m(z) = -18*z + 12. Calculate m(1).
-6
Let d(c) = c**2 + 7*c + 18. Determine d(-3).
6
Let j(m) = 3*m - 1. What is j(9)?
26
Let n(z) = -7*z + 84. Give n(12).
0
Let z(k) = -7*k**2 - 4*k - 4. Calculate z(-2).
-24
Let l(k) = -6*k**2 + 21*k - 12. What is l(3)?
-3
Let o(d) = -d**2 - 6*d + 6. Calculate o(-8).
-10
Let v(c) = -3*c. Give v(2).
-6
Let x(d) = 4*d + 1. What is x(1)?
5
Let s(r) = 3*r**2 + 2*r + 3. What is s(-1)?
4
Let j(v) = -7*v - 3. Calculate j(-3).
18
Let d(a) = a**3 - 12*a**2 - 13*a. Give d(13).
0
Let m(w) = -12*w + 1. Determine m(1).
-11
Let w(y) = y**2 + 8*y + 6. Determine w(-6).
-6
Let h(p) = 15*p - 2. Give h(4).
58
Let d(s) = 3*s - 19. What is d(-11)?
-52
Let w(k) = 2*k**2 + 44*k - 8. Give w(-22).
-8
Let p(q) = q**3 + 9*q**2 + 11*q - 4. Determine p(-6).
38
Let y(p) = -p**2 + 22*p + 11. What is y(22)?
11
Let h(g) = -2*g**2 - 4*g + 3. What is h(1)?
-3
Let d(h) = -h**3 + h**2 - 2*h - 53. Give d(0).
-53
Let n(u) = -2*u**3 - 9*u**2 + 2*u - 13. Calculate n(-5).
2
Let k(v) = v**3 + 3*v**2 - 5*v - 16. What is k(-4)?
-12
Let i(n) = -13*n - 122. Give i(-9).
-5
Let s(j) = j**3 - 8*j**2 + 4*j + 14. Determine s(7).
-7
Let p(z) = z**3 + 9*z**2 + 3*z - 11. Give p(-8).
29
Let z(l) = -2*l + 9. Give z(7).
-5
Let t(m) = -m**2 - 2*m - 3. Determine t(4).
-27
Let o(l) = -43*l - 1502. What is o(-35)?
3
Let u(x) = -x**2 - 29*x + 92. What is u(-29)?
92
Let y(q) = 27*q - 260. What is y(10)?
10
Let k(u) = u**2 + 4*u - 44. Give k(-9).
1
Let u(z) = 2*z - 4. Give u(1).
-2
Let d(x) = x**3 + 5*x**2 - 3*x - 7. Determine d(-6).
-25
Let o(y) = 9*y**2 + 3*y - 7. What is o(-3)?
65
Let r(f) = f**3 - 4*f**2 - 4*f. What is r(5)?
5
Let r(y) = y**2 + 27*y - 201. Give r(-33).
-3
Let r(d) = -2*d**3 - 3*d**2 - d - 1. Give r(-2).
5
Let z(x) = x**3 - x**2 + 2*x - 3. Give z(-3).
-45
Let q(y) = -y**3 + 4*y**2 - 7*y + 4. Calculate q(4).
-24
Let k(b) = b**3 + 8*b**2 - 3*b - 20. Give k(-8).
4
Let t(v) = 80*v + 1447. Give t(-18).
7
Let p(q) = q**3 + 5*q**2 + q - 5. Calculate p(-4).
7
Let l(g) = 2*g**2 + 24*g - 17. Give l(-12).
-17
Let d(z) = -4*z**2 - 16*z - 1. Calculate d(-5).
-21
Let t(x) = -2*x + 6. Give t(5).
-4
Let d(u) = -u**3 - 9*u**2 + 42*u + 4. What is d(-12)?
-68
Let a(f) = -2*f - 13. What is a(12)?
-37
Let q(h) = 5*h - 5. Determine q(2).
5
Let q(b) = -b**3 - 4*b**2 - 2*b + 3. What is q(-4)?
11
Let j(s) = 2*s**2 + 13*s + 13. Give j(-5).
-2
Let k(x) = 4*x - 9. Determine k(0).
-9
Let o(a) = -7*a + 3. Calculate o(-2).
17
Let k(y) = -3*y + 14. Give k(6).
-4
Let x(d) = -d + 2. Calculate x(6).
-4
Let n(b) = -b**3 - 5*b**2 - b - 10. What is n(-5)?
-5
Let a(t) = -3*t**2 + 8*t - 4. Calculate a(5).
-39
Let y(k) = 2*k**2 - 4*k. Calculate y(3).
6
Let r(z) = z. Give r(-1).
-1
Let f(w) = -w**3 - 6*w**2 - 9. Determine f(-6).
-9
Let i(d) = 61*d - 177. Determine i(3).
6
Let y(m) = -2*m + 6. Calculate y(-7).
20
Let c(m) = 8*m - 24. Determine c(-3).
-48
Let t(c) = -c**2 + c + 16. Give t(4).
4
Let p(s) = -s**2 + 12*s + 11. Calculate p(11).
22
Let j(r) = -r**2 - 4*r + 6. Determine j(5).
-39
Let l(u) = 2*u + 3. Calculate l(-7).
-11
Let u(j) = j**2 + 30*j - 53. Give u(-29).
-82
Let r(f) = 8*f**2 + 3*f - 1. What is r(2)?
37
Let a(i) = -13*i + 133. What is a(10)?
3
Let y(c) = c**3 + c**2 - c - 1. Determine y(0).
-1
Let c(u) = -u**3 - 9*u**2 + 7*u - 16. Give c(-10).
14
Let p(o) = o**2 + 6*o + 24. Calculate p(-7).
31
Let a(v) = -v**3 + 2*v**2 - 2*v + 27. Give a(0).
27
Let h(r) = r**3 - 5*r**2 + 5*r - 11. Give h(5).
14
Let t(n) = 2*n**3 - 14*n**2 + 11*n - 6. Determine t(6).
-12
Let q(g) = -2*g**2 + 15*g - 19. Give q(6).
-1
Let j(x) = -45*x**2 - 5*x + 6. Give j(1).
-44
Let o(k) = -k**2 + 6*k - 2. What is o(10)?
-42
Let i(j) = j**3 - 27*j**2 - 88*j - 81. What is i(30)?
-21
Let n(i) = -126*i - 5. Determine n(0).
-5
Let i(x) = x**3 - 7*x**2 + 8*x - 6. Calculate i(6).
6
Let q(f) = -22*f**2 + f + 1. Give q(-1).
-22
Let k(q) = q**2 + 5*q + 1. Calculate k(-6).
7
Let h(g) = -3*g - 15. What is h(-7)?
6
Let w(i) = i**3 + 4*i**2 - 10*i + 5. Calculate w(4).
93
Let y(b) = b**3 + 7*b**2 - 10*b - 9. Determine y(-8).
7
Let w(d) = 42*d**2 + d. Determine w(-1).
41
Let o(m) = m**2 - 11*m + 11. Calculate o(10).
1
Let z(k) = 11*k + 99. Determine z(-8).
11
Let w(a) = -a**3 + a**2 + 6*a + 1. What is w(3)?
1
Let q(i) = i**3 - i**2 + 2*i + 1. Determine q(2).
9
Let a(r) = -r**3 - 3*r**2 + 67*r + 3. Determine a(-10).
33
Let y(d) = -d**2 + 14*d - 20. What is y(4)?
20
Let l(x) = -x**3 + 9*x**2 - 9*x - 16. Calculate l(6).
38
Let x(v) = 3*v + 1. Calculate x(-4).
-11
Let l(o) = 6*o - 2. Give l(-5).
-32
Let u(j) = -j**2 + 8*j + 15. Calculate u(0).
15
Let z(o) = -o**3 + 5*o**2 + 2*o + 1. What is z(5)?
11
Let o(j) = -3*j**2 + 9*j - 2. Calculate o(5).
-32
Let d(g) = -15*g**2 - 3*g. What is d(2)?
-66
Let p(s) = -11*s**2 - 21*s - 67. What is p(-4)?
-159
Let y(u) = -u**2 + 9*u + 20. Determine y(10).
10
Let m(j) = j**2 - 19*j + 51. Determine m(15).
-9
Let n(t) = 3*t - 86. Calculate n(22).
-20
Let c(g) = 5*g - 17. Give c(3).
-2
Let y(b) = -b**2 - 4*b + 7. Give y(-4).
7
Let q(v) = 3*v + 89. What is q(-21)?
26
Let p(v) = -v**2 + 8*v - 10. Give p(10).
-30
Let u(i) = -i**2 + 3*i + 16. Calculate u(5).
6
Let z(s) = s**3 - 2*s**2 + s + 4. What is z(3)?
16
Let i(r) = r - 8. Determine i(6).
-2
Let o(z) = 42*z - 18. Calculate o(1).
24
Let a(k) = -7*k + 6. Determine a(0).
6
Let f(i) = -2*i - 11. What is f(-10)?
9
Let h(a) = 3*a**3 - 2*a**2 - 5*a + 7. Calculate h(2).
13
Let j(n) = -n**2 - 4*n - 1. Give j(-4).
-1
Let 